of b?
5
Let j(h) = 154*h - 56. Let s(m) = -155*m + 57. Let d(f) = 5*j(f) + 4*s(f). What is the tens digit of d(5)?
9
Let c be (-63)/(-6) + -2 + (-27)/(-18). Let s = c + 1114. What is the units digit of s?
4
Let k(t) = 4*t**3 + t**2 - t. Let l be k(-3). Let b = 213 - l. What is the tens digit of b?
0
Let b be (525/(-10))/7*688/(-20). Suppose 0 = -5*j + 4*h + 1308, 2*h - 4*h = -j + b. What is the hundreds digit of j?
2
Suppose 0 = 3*a - 2*y - 503, 2*a = a - 5*y + 162. Suppose -f = u - 284, -2*f + u + 1141 = 2*f. Let b = f - a. What is the units digit of b?
8
Suppose -v = 3*v + 5*d - 342, 3*v - 5*d = 239. Let m = v - 81. Suppose m*i - 10 = -2*h - 0, 2*i = 3*h - 10. What is the units digit of h?
4
Let r be 2 + 0 + -4 + 8 - -4. Suppose 12*u + 2465 = 5*a + r*u, -3*u + 1500 = 3*a. What is the units digit of a?
5
Let m be ((9 - 7) + (-3)/2)*0. Suppose 0 = -m*v + 2*v - 3*h - 69, -v + 5*h = -24. What is the tens digit of 6/v - (-1844)/13?
4
Let t(f) = 4*f**3 - f**2 + 2*f - 1. Let w be t(1). Suppose -64 = -7*i + 1133. Suppose -5*m = 3*x - i, -w*m = x + x - 136. What is the tens digit of m?
3
What is the tens digit of (-75 - 1 - -4)/((-18)/1536)?
4
Let t be ((-83)/2)/(14/(-840)). What is the units digit of (t/(-135))/(2/(-18))?
6
Let c be 4 + -1 - (-4 - -1). Let s(h) = h**2 + 2 - c - 3*h - 7. What is the tens digit of s(10)?
5
Suppose -8*k = -3*q - 9*k + 15209, -3*q + 5*k + 15215 = 0. What is the tens digit of q?
7
Let r = 4063 + -1861. What is the hundreds digit of r?
2
Suppose 0*v + 680 = 10*v. What is the hundreds digit of (-2)/(-4) + 7242/v?
1
Suppose -2*q + 5*o = -35, -4*q = -2*q + 5*o - 45. Let s = 16 - q. Let p = 41 - s. What is the tens digit of p?
4
Let k be 4/(-10) - (1397/(-5) + -3). What is the units digit of (6 + k)*3/((-36)/(-20))?
0
Let p(x) be the third derivative of 1/15*x**5 + 5/24*x**4 + 16*x**2 + 0*x + 1/6*x**3 + 0. What is the units digit of p(-5)?
6
Suppose -g + 9 = 3*i, -4*i + 1 = -4*g + 5. What is the hundreds digit of (-690)/184*(-500)/g?
6
Let c(a) = -a**3 - 17*a**2 - 14*a + 35. Let p be c(-16). Let j(d) = -p - 11 + 31 + 6*d. What is the units digit of j(4)?
1
Let a = 1015 + 4120. What is the thousands digit of a?
5
Let s be (-810)/(-42) + (-2)/7. Suppose 0*j = -j - s. What is the units digit of -18 - j - (-44)/2?
3
Suppose -408313 - 255334 + 143131 = -74*f. What is the units digit of f?
4
Let x(v) = -2*v**3 + 21*v**2 - 11*v + 4. Let t be x(10). Let h(b) = -2*b**3 - 2*b**2 + 2*b - 8. What is the units digit of h(t)?
0
Let x(l) = 2*l**3 - 3*l**2 + l - 1. Let z be x(2). Let f be 0/(-2) + (-6)/(-8 + z). Suppose 2*v - j - 62 = v, 161 = 3*v + f*j. What is the tens digit of v?
5
What is the thousands digit of -7 - 89348/(-21) - (-8)/6?
4
Suppose 460 = -3*z - 359. Let x = 660 + z. What is the hundreds digit of x?
3
Suppose -l + 1265 = 4*o, -3*l = 5*o - 6*o + 326. Let b = 598 - o. What is the units digit of b?
1
Suppose 4*k = -2*f + 843 + 3325, 3*f - 4*k - 6262 = 0. Let u = f + -1476. What is the units digit of u?
0
Let x(k) = k**3 - 16*k**2 + 6*k - 21. Let c be x(16). Let l = -54 + c. Suppose r - 56 - l = 0. What is the units digit of r?
7
Let v be ((-3)/2)/(46 - 43)*0. What is the hundreds digit of v + (-2)/5 + 11360/25?
4
Let j be 419 + (12 - 13)*(-2 - 0). Let n = 1072 - j. What is the units digit of n?
1
Let l be (20/6)/(14/(-147)). Let i = l + 35. Suppose -4*s + i*s = 3*d - 254, 76 = d - 3*s. What is the tens digit of d?
8
Let q(d) = 43*d**3 + 3*d**2 + 75*d + 40. What is the ten thousands digit of q(9)?
3
Let q = 23 + -32. Let h = -3318 + 1114. What is the tens digit of q/(-27) + (h/6)/(-2)?
8
Suppose r - 2 = w, 3*w + 7*r - 24 = 4*r. Suppose 0 = -w*k + 2*y + 635, 0*k - 205 = -k + 2*y. What is the hundreds digit of k?
2
Suppose 2*s + 5*o - 118592 = 9*o, 2*s = o + 118598. What is the tens digit of s?
0
What is the thousands digit of -13 + 1/(4/108160)?
7
Suppose 0 = -342*b + 358*b - 600464. What is the units digit of b?
9
Let v(g) = -354*g + 67. Let u be v(-17). Suppose -23*t - 36 + u = 0. What is the tens digit of t?
6
Let c(l) = 7*l**3 + 63*l - 93*l**2 + 10*l**3 - 27*l**3 + 12*l**3 - 1. What is the units digit of c(46)?
1
Let n(v) = v**2 - 227*v + 106. What is the thousands digit of n(-72)?
1
Let t = -55 + 58. Let m(p) = -2*p + 5 - t - p. What is the tens digit of m(-3)?
1
Suppose -3*x = -2*y + 354 - 1125, -5*x + y = -1292. Let b = x + 455. What is the hundreds digit of b?
7
Suppose 2830*q = 1426*q + 1415*q - 535865. What is the ten thousands digit of q?
4
Let h = -62 + 129. Let v = h + -65. Suppose -396 = 2*p - 4*p - v*l, 0 = -4*p + 4*l + 752. What is the hundreds digit of p?
1
Let j(r) = 13*r + 66*r + 11 + 6 + 6. What is the hundreds digit of j(9)?
7
Suppose -19650 - 4920 = -7*m + 35077. What is the units digit of m?
1
Let x(b) = 44*b**3 - 182*b**2 - 13*b - 52. What is the thousands digit of x(12)?
9
Let q(l) = l**2 - 21*l + 9. Let b be q(19). What is the tens digit of b/(-232) - 462/(-16)?
2
Suppose -d - h + 61540 = 0, d - 23054 = h + 38496. What is the ten thousands digit of d?
6
What is the thousands digit of (63/27 - 1)*19971/14?
1
What is the hundreds digit of (-120 + -3)*(44/(-18))/((-2)/(-51))?
6
Suppose -14*g = -3*h - 15*g + 28, -5*h + 2*g + 43 = 0. Suppose 13*m - 5120 = h*m. What is the thousands digit of m?
1
Suppose 2*z - 79 = 3*d, -6*z - 4*d = -3*z - 144. Suppose z = 5*p - 416. Suppose 4*m + 458 = 5*u + p, 2*u = m + 144. What is the tens digit of u?
7
Let p(w) be the third derivative of -61*w**4/24 + 11*w**3/6 - 6*w**2. Let c(o) = -11*o - 158. Let g be c(-14). What is the tens digit of p(g)?
5
Let g(w) = 100*w + 182. Let v(u) = 200*u + 367. Let i(z) = 7*g(z) - 4*v(z). What is the hundreds digit of i(-7)?
5
Suppose -29*j + 220 = -40*j. What is the hundreds digit of (-15996)/j - ((-45)/(-25) + -2)?
8
Let c(i) = i**3 - 10*i**2 + 9*i - 4. Let p be c(9). What is the tens digit of ((-426)/(-30) + -1)/(p/(-10))?
3
What is the hundreds digit of 16 - (-33522)/18*3?
6
Let x = 252 + -224. Suppose -x*s + 2262 = -3198. What is the tens digit of s?
9
Let t(c) = -c**2 - 10*c - 14. Let h be t(-8). Let l(v) = 7*v**2 - 11 + 11*v - v - v**3 - 21*v**h. What is the units digit of l(-15)?
4
Let n = -38 + 32. Let a be 69/n + 2/4. Let f = 19 - a. What is the units digit of f?
0
Suppose b + 10 = n + 3*n, 0 = -b + 3*n - 7. Let k(z) = 4*z**b - 3*z + 24 - z**2 + z**2 - 10*z. What is the tens digit of k(7)?
2
Suppose 0 = t + 2*f - 82, -2*t + 5*f = 2*f - 150. Suppose 83*d - t*d = 1175. What is the hundreds digit of d?
2
Let g(y) = 73*y**3 + 38*y**2 - 172*y - 5. What is the tens digit of g(4)?
8
Let h = 5453 + -5456. Let f(u) be the third derivative of -u**6/60 - u**5/60 + u**4/8 - 2*u**3/3 - u**2. What is the units digit of f(h)?
2
Let h(v) = v**2 - 14*v - 84. Let q be h(29). What is the units digit of (-6)/((-2)/q*3)?
1
Let s = -8 + 12. Let t be (-6 + -1074)/1*(-46)/3. What is the hundreds digit of s/14 + t/105?
1
Let x(k) = -k**2 - 4*k + 5. Let d be x(2). Let q(a) = 8*a + 56. Let o be q(d). Suppose o = 5*y + 5*v - 855, -y + v = -247 + 80. What is the hundreds digit of y?
1
Suppose 232*u = 239*u - 112. What is the hundreds digit of ((-2)/3)/(u/(-28872))?
2
Let a = -7829 - -7836. Suppose 3*w = 2*m - 5, -3*m - 2*m + 44 = 3*w. Suppose m*r - 42 = a. What is the units digit of r?
7
Suppose -4*d + 6 = z, 0*d + 3 = 3*d. Let m(v) = -v**3 + 4. Let r be m(z). What is the units digit of r*(4 + -3) - -101?
7
Suppose t - 3247 = 4*l, t = 6*t + l - 16151. What is the hundreds digit of t?
2
Suppose -3*t = 5*j + 403, -j - 3*j + 3*t - 317 = 0. What is the hundreds digit of 5/j*-4 - 3525/(-12)?
2
Let o be 120/540 + -1 + (-2473)/(-9). Let c be 5/15*(o - -5). Suppose -y + 2*y - 2*g - c = 0, -4*y = 4*g - 396. What is the units digit of y?
7
Suppose 0 = -y + 2*y - 4*m - 5869, 3*m = 4*y - 23489. What is the units digit of y?
3
What is the thousands digit of 26/156*-9 + (-5065)/(-2)?
2
What is the hundreds digit of (-1005)/335*-2*7769/6?
7
Suppose -21*l - 56659 = -25*l - 3*g, -3*l - g = -42503. What is the units digit of l?
0
Let z = 146 - 86. Let n = -12818 + 12822. What is the units digit of (-1)/n - (-2955)/z?
9
Let w(d) = -5*d - 35. Let m be w(-7). Suppose m = 14*z - 3840 - 3328. What is the units digit of z?
2
Let z(u) = -15*u - 48. Let w(o) = 7*o + 28. Suppose 